 is the remainder when 45938 is divided by 223?
0
What is the remainder when 2289 is divided by 66?
45
What is the remainder when 8971 is divided by 1740?
271
Calculate the remainder when 4114 is divided by 817.
29
Calculate the remainder when 291 is divided by 208.
83
Calculate the remainder when 322492 is divided by 842.
6
Calculate the remainder when 11015 is divided by 5437.
141
What is the remainder when 28517 is divided by 184?
181
Calculate the remainder when 61577 is divided by 198.
197
Calculate the remainder when 8871 is divided by 496.
439
Calculate the remainder when 9137 is divided by 181.
87
Calculate the remainder when 4159 is divided by 83.
9
Calculate the remainder when 32913 is divided by 151.
146
What is the remainder when 74358 is divided by 40?
38
What is the remainder when 14538 is divided by 27?
12
What is the remainder when 76480 is divided by 5098?
10
Calculate the remainder when 9479 is divided by 2366.
15
Calculate the remainder when 13024238 is divided by 447.
446
Calculate the remainder when 40174 is divided by 216.
214
What is the remainder when 25018 is divided by 124?
94
Calculate the remainder when 12370 is divided by 45.
40
What is the remainder when 39518 is divided by 1794?
50
Calculate the remainder when 1012 is divided by 109.
31
Calculate the remainder when 24484 is divided by 156.
148
What is the remainder when 41710 is divided by 88?
86
Calculate the remainder when 23109 is divided by 2310.
9
What is the remainder when 14803 is divided by 417?
208
What is the remainder when 106871 is divided by 1?
0
Calculate the remainder when 25385 is divided by 242.
217
Calculate the remainder when 33969 is divided by 244.
53
Calculate the remainder when 3022 is divided by 300.
22
What is the remainder when 222518 is divided by 33?
32
What is the remainder when 1123 is divided by 232?
195
What is the remainder when 18572 is divided by 3093?
14
Calculate the remainder when 56410 is divided by 28188.
34
Calculate the remainder when 153818 is divided by 4.
2
What is the remainder when 39189 is divided by 1524?
1089
Calculate the remainder when 6907 is divided by 6897.
10
Calculate the remainder when 1333 is divided by 1.
0
Calculate the remainder when 2707 is divided by 996.
715
Calculate the remainder when 5846 is divided by 964.
62
What is the remainder when 89422 is divided by 48?
46
What is the remainder when 495 is divided by 171?
153
Calculate the remainder when 212116 is divided by 103.
39
Calculate the remainder when 808 is divided by 203.
199
Calculate the remainder when 5328 is divided by 14.
8
What is the remainder when 20225 is divided by 397?
375
What is the remainder when 4931 is divided by 1524?
359
Calculate the remainder when 678 is divided by 117.
93
Calculate the remainder when 52158 is divided by 839.
140
Calculate the remainder when 6912 is divided by 1650.
312
Calculate the remainder when 1454 is divided by 74.
48
What is the remainder when 3040 is divided by 778?
706
Calculate the remainder when 38312 is divided by 34.
28
What is the remainder when 2329 is divided by 290?
9
Calculate the remainder when 168217 is divided by 150.
67
What is the remainder when 14803 is divided by 1246?
1097
What is the remainder when 2842 is divided by 1098?
646
What is the remainder when 5889 is divided by 1470?
9
Calculate the remainder when 313088 is divided by 3.
2
What is the remainder when 3368 is divided by 1650?
68
What is the remainder when 17251 is divided by 1850?
601
What is the remainder when 5447 is divided by 2496?
455
Calculate the remainder when 16110 is divided by 143.
94
What is the remainder when 3803 is divided by 56?
51
What is the remainder when 251736 is divided by 31464?
24
What is the remainder when 3619 is divided by 49?
42
What is the remainder when 13001 is divided by 6?
5
Calculate the remainder when 7953 is divided by 119.
99
What is the remainder when 1401 is divided by 413?
162
Calculate the remainder when 2897 is divided by 648.
305
Calculate the remainder when 15075 is divided by 23.
10
What is the remainder when 10856 is divided by 50?
6
What is the remainder when 5091 is divided by 89?
18
Calculate the remainder when 61152 is divided by 88.
80
What is the remainder when 838 is divided by 360?
118
What is the remainder when 6743 is divided by 154?
121
Calculate the remainder when 79421 is divided by 68.
65
What is the remainder when 1071 is divided by 305?
156
What is the remainder when 133603 is divided by 293?
288
Calculate the remainder when 446653 is divided by 1066.
1065
What is the remainder when 3554 is divided by 236?
14
Calculate the remainder when 30354 is divided by 417.
330
Calculate the remainder when 36880 is divided by 36.
16
What is the remainder when 25812 is divided by 25798?
14
What is the remainder when 20614 is divided by 686?
34
Calculate the remainder when 3123 is divided by 517.
21
Calculate the remainder when 299 is divided by 149.
1
What is the remainder when 93176 is divided by 28?
20
What is the remainder when 134697 is divided by 1420?
1217
Calculate the remainder when 4391 is divided by 36.
35
Calculate the remainder when 13609 is divided by 341.
310
What is the remainder when 12055 is divided by 177?
19
What is the remainder when 242457 is divided by 482?
11
Calculate the remainder when 125598 is divided by 62.
48
Calculate the remainder when 158013 is divided by 7898.
53
Calculate the remainder when 39870 is divided by 178.
176
What is the remainder when 77415 is divided by 4838?
7
What is the remainder when 698 is divided by 35?
33
Calculate the remainder when 3150 is divided by 507.
108
What is the remainder when 87176 is divided by 43588?
0
Calculate the remainder when 15385 is divided by 17.
0
Calculate the remainder when 17345 is divided by 1229.
139
What is the remainder when 376863 is divided by 42?
39
Calculate the remainder when 14360 is divided by 39.
8
Calculate the remainder when 748 is divided by 176.
44
Calculate the remainder when 5044 is divided by 41.
1
What is the remainder when 13901 is divided by 11?
8
Calculate the remainder when 255 is divided by 81.
12
Calculate the remainder when 66361 is divided by 225.
211
Calculate the remainder when 11491 is divided by 426.
415
Calculate the remainder when 3782 is divided by 359.
192
Calculate the remainder when 1867 is divided by 728.
411
What is the remainder when 18000 is divided by 907?
767
What is the remainder when 4305153 is divided by 172?
165
Calculate the remainder when 44881 is divided by 364.
109
Calculate the remainder when 34369 is divided by 19.
17
Calculate the remainder when 65132 is divided by 57.
38
What is the remainder when 93619 is divided by 9361?
9
What is the remainder when 34761 is divided by 172?
17
Calculate the remainder when 7496 is divided by 72.
8
What is the remainder when 10959 is divided by 98?
81
What is the remainder when 639 is divided by 152?
31
Calculate the remainder when 48414 is divided by 9681.
9
Calculate the remainder when 13924 is divided by 6944.
36
Calculate the remainder when 3191 is divided by 461.
425
What is the remainder when 14799 is divided by 285?
264
What is the remainder when 459 is divided by 436?
23
Calculate the remainder when 11698 is divided by 1799.
904
Calculate the remainder when 448657 is divided by 13.
1
Calculate the remainder when 2184080 is divided by 287.
10
Calculate the remainder when 4703 is divided by 30.
23
What is the remainder when 41210 is divided by 184?
178
What is the remainder when 4202 is divided by 134?
48
What is the remainder when 2746 is divided by 19?
10
Calculate the remainder when 13232 is divided by 4402.
26
Calculate the remainder when 3679340 is divided by 648.
644
Calculate the remainder when 97189 is divided by 784.
757
Calculate the remainder when 10787 is divided by 459.
230
Calculate the remainder when 17427 is divided by 2903.
9
Calculate the remainder when 88777 is divided by 14772.
145
What is the remainder when 51132 is divided by 8521?
6
Calculate the remainder when 516 is divided by 67.
47
What is the remainder when 25492 is divided by 50?
42
Calculate the remainder when 3841 is divided by 485.
446
Calculate the remainder when 19724 is divided by 429.
419
Calculate the remainder 